(c) = c**3 + 3*c**2 + c - 4. Give g(-4).
-24
Let y(w) = -w**3 + 7*w**2 + w - 1. Calculate y(7).
6
Let w(m) = m**2 + 2*m + 1. Give w(-2).
1
Let c(s) = -35*s**2 + 3*s + 2. Determine c(-1).
-36
Let l(y) = -16*y**3 + 3*y**2 - y - 1. Calculate l(1).
-15
Let v(g) = g - 26. Give v(24).
-2
Let i(n) = 10*n**2 + 9*n + 13. What is i(-2)?
35
Let y(j) = 34*j + 2. Calculate y(-1).
-32
Let r(x) = -4*x + 37. What is r(3)?
25
Let z(y) = -4*y**2 - y. Determine z(1).
-5
Let j(t) = -58*t - 38. Calculate j(-2).
78
Let b(j) = -j**3 - 3*j**2 + 11*j. Give b(2).
2
Let j(d) = 41*d**2 - 1. What is j(1)?
40
Let z(u) = -2*u**2 - 4*u - 3. Calculate z(-3).
-9
Let s(q) = q**2 - 5*q - 3. What is s(-4)?
33
Let n(s) = s**3 - 27*s**2 + s - 38. What is n(27)?
-11
Let t(y) = -2*y**2 - 39*y - 27. Give t(-19).
-8
Let x(q) = q**2 + 2*q - 39. What is x(-7)?
-4
Let y(b) = b**3 + 5*b**2 - 4*b - 5. What is y(-5)?
15
Let z(q) = -6*q**3 + 2*q**2 + 2*q. Give z(-1).
6
Let m(r) = 2*r - 43. Determine m(5).
-33
Let q(w) = w**3 + 9*w**2 + 6*w - 13. Calculate q(-6).
59
Let m(x) = 21*x + 95. Calculate m(-6).
-31
Let b(y) = -y**3 + 7*y**2 + 9*y - 3. Give b(8).
5
Let f(q) = 2*q**3 + 35*q**2 - 21*q - 41. Determine f(-18).
13
Let r(z) = z**2 - 7*z + 11. Determine r(5).
1
Let v(l) = -76*l**2 - 4*l - 3. What is v(-1)?
-75
Let g(t) = 123*t + 7. Give g(1).
130
Let b(h) = -h**3 + 5*h**2 + 3*h - 28. Calculate b(4).
0
Let q(b) = -11*b - 275. What is q(-24)?
-11
Let g(n) = -2*n**3 - 3*n - 2. Determine g(-1).
3
Let u(z) = z**3 + 14*z**2 - 15*z + 12. What is u(-15)?
12
Let r(m) = -m**3 - 6*m**2 - 6*m + 4. Determine r(-4).
-4
Let j(n) = -9*n + 56. Give j(6).
2
Let k(g) = g**2 + 18*g + 57. Give k(-14).
1
Let o(r) = r**3 + 11*r**2 + 17*r - 12. Determine o(-9).
-3
Let d(q) = -q**2 + 14*q - 9. Determine d(13).
4
Let b(g) = -3*g - 3. What is b(-3)?
6
Let j(t) = t**3 - 6*t**2 - 14. Determine j(5).
-39
Let y(l) = 49*l - 3. Calculate y(-3).
-150
Let t(v) = v**3 - 13*v**2 + 11*v + 9. What is t(12)?
-3
Let z(i) = -8*i + 148. Give z(18).
4
Let w(p) = 3*p - 68. Calculate w(28).
16
Let i(t) = t**2 - 14*t + 23. Give i(12).
-1
Let v(c) = 5*c. Calculate v(7).
35
Let q(s) = s - 28. Calculate q(14).
-14
Let q(s) = -s**2 + 2*s + 17. What is q(-3)?
2
Let r(u) = -48*u - 709. What is r(-15)?
11
Let x(g) = -13*g + 71. What is x(7)?
-20
Let c(u) = -5*u**2 + 2*u - 1. Determine c(1).
-4
Let o(j) = -9*j - 1. Determine o(8).
-73
Let v(r) = -3*r**2 + r - 4. What is v(-3)?
-34
Let g(j) = j**3 + j**2 - 10*j + 1. Determine g(-4).
-7
Let q(u) = -2*u**3 + 87*u**2 - 44*u + 33. Give q(43).
-10
Let y(p) = p**2 + 16*p - 42. Give y(-19).
15
Let j(v) = 5*v - 26. Determine j(-11).
-81
Let j(a) = -6*a - 49. Calculate j(-7).
-7
Let c(b) = -9*b - 2. Calculate c(-5).
43
Let b(l) = 4*l**2 - 37*l + 11. What is b(9)?
2
Let i(o) = -2*o + 11. Give i(9).
-7
Let c(u) = 3*u - 17. Calculate c(5).
-2
Let q(r) = -2*r**2 - 3*r + 2. What is q(1)?
-3
Let a(b) = b**2 - 10*b + 11. Calculate a(9).
2
Let j(o) = 7*o + 29. Calculate j(-7).
-20
Let a(h) = -h**3 - h**2 - h - 2. Calculate a(-2).
4
Let d(y) = -6*y - 5. Give d(-6).
31
Let y(n) = -n**2 + 36*n + 151. What is y(40)?
-9
Let j(x) = x**3 + 4*x**2 + 4. Calculate j(-4).
4
Let f(x) = -2*x**2 + x + 66. Determine f(6).
0
Let t(x) = 10*x + 48. Calculate t(-13).
-82
Let v(j) = -j**3 - 10*j**2 - 20*j - 13. Give v(-8).
19
Let h(p) = p**3 + 9*p**2 - 6*p + 14. What is h(-10)?
-26
Let q(w) = w**3 + 9*w**2 + 11*w + 10. Give q(-7).
31
Let f(r) = r**2 + 23*r - 107. What is f(4)?
1
Let x(l) = -2*l + 40. What is x(20)?
0
Let w(p) = -p - 6. What is w(-5)?
-1
Let w(j) = -j - 9. Calculate w(-13).
4
Let o(v) = -5*v + 6. Determine o(2).
-4
Let k(u) = u**3 - 3*u + 3. Determine k(2).
5
Let a(m) = -3*m. Determine a(17).
-51
Let t(c) = -c**3 + 4*c**2 - 2*c + 2. Give t(3).
5
Let q(y) = 4*y**2 - 36*y + 6. What is q(9)?
6
Let n(l) = 21*l + 7. What is n(0)?
7
Let y(u) = 8*u + 334. Determine y(-42).
-2
Let r(v) = -59*v - 1. What is r(1)?
-60
Let m(v) = -15*v - 25. Determine m(-3).
20
Let g(l) = 6*l**2 - 2*l - 1. Calculate g(2).
19
Let f(n) = -n**2 - 10*n + 16. What is f(-11)?
5
Let j(i) = i**3 + 14*i**2 + 36*i + 38. Determine j(-11).
5
Let h(k) = 9*k + 15. What is h(0)?
15
Let l(h) = h**3 + 11*h**2 + 22*h - 47. Calculate l(-7).
-5
Let a(n) = -4*n**2 + 4*n. Give a(3).
-24
Let v(t) = 2*t**2 - 32*t + 12. Determine v(16).
12
Let k(q) = -q + 15. Calculate k(5).
10
Let s(l) = l**2 + 8*l - 3. Calculate s(-8).
-3
Let k(a) = -142*a - 1283. What is k(-9)?
-5
Let r(f) = f**2 - 2*f + 1. Determine r(5).
16
Let w(k) = -51*k**3 + 3*k - 4. What is w(1)?
-52
Let u(j) = -2*j**2 - 5*j + 17. Give u(-8).
-71
Let o(s) = -s**2 + 13*s - 24. What is o(3)?
6
Let v(n) = 11*n**3. Determine v(1).
11
Let u(r) = 47*r - 50. Determine u(1).
-3
Let f(l) = 11*l**2 - 13*l + 33. Calculate f(3).
93
Let i(d) = d**3 - 12*d**2 + 42*d - 11. Calculate i(5).
24
Let t(a) = -a**3 - 3*a**2 + 19. Give t(0).
19
Let m(o) = -o**2 - 4*o + 210. Determine m(13).
-11
Let s(o) = o**3 - 10*o**2 + 7*o - 29. What is s(9)?
-47
Let h(g) = -g + 14. Give h(7).
7
Let s(j) = j**2 + 21*j + 114. Determine s(-11).
4
Let m(y) = -2*y**2 - 50*y + 451. What is m(-32)?
3
Let y(q) = q**3 - 38*q**2 + 37*q - 7. What is y(37)?
-7
Let v(p) = -19*p - 266. What is v(-14)?
0
Let p(u) = u - 11. Calculate p(16).
5
Let k(j) = 2*j - 1. What is k(6)?
11
Let p(r) = -r**2 - 16*r + 41. Calculate p(-19).
-16
Let s(f) = -f**3 + 10*f**2 + 10*f - 24. Give s(10).
76
Let l(u) = -30*u**3 - 3*u**2 + u + 1. What is l(1)?
-31
Let q(b) = -b + 12. Give q(9).
3
Let m(f) = f**3 + 7*f**2 - 6*f - 2. Calculate m(-8).
-18
Let j(w) = 2*w - 28. Determine j(17).
6
Let y(t) = 36*t - 122. Calculate y(3).
-14
Let s(g) = 2*g. Calculate s(3).
6
Let f(v) = -3*v - 2. What is f(-5)?
13
Let n(w) = -w**3 - 9*w**2 + 9*w - 3. Determine n(-9).
-84
Let t(l) = 6*l**2 - 50*l + 13. Determine t(8).
-3
Let b(x) = -x - 1. Calculate b(-10).
9
Let i(r) = r**2 - r - 16. Determine i(-3).
-4
Let n(j) = 8*j + 6. Give n(-4).
-26
Let m(s) = -2*s - 16. Determine m(-5).
-6
Let z(g) = -g**2 - g - 22. Determine z(0).
-22
Let n(q) = 40*q**3 + 2*q**2 - 4*q + 2. Give n(1).
40
Let l(n) = -12*n - 3. Give l(-2).
21
Let w(h) = -2*h**3 + 15*h**2 - 3*h - 23. What is w(7)?
5
Let i(b) = -b**2 - 12*b - 11. Calculate i(-5).
24
Let y(j) = -j**2 - 23*j + 4. What is y(-23)?
4
Let s(z) = 10*z + 9. Calculate s(6).
69
Let n(z) = z**3 + 22*z**2 + 41*z + 26. Determine n(-20).
6
Let d(i) = i**3 + 12*i**2 - 12*i. Determine d(-13).
-13
Let m(i) = -i**3 - 8*i**2 - i + 25. Determine m(-2).
3
Let o(p) = -2*p + 9. What is o(-6)?
21
Let g(o) = -12*o**2 - o - 1. What is g(-1)?
-12
Let o(l) = 5*l + 159. What is o(-34)?
-11
Let p(s) = -5*s + 8. Give p(3).
-7
Let z(a) = a**3 - 3*a**2 - 5*a + 10. What is z(4)?
6
Let n(i) = -i**2 - 9*i + 18. What is n(3)?
-18
Let w(y) = y + 7. Calculate w(13).
20
Let u(y) = 2*y + 5. What is u(3)?
11
Let a(q) = 6*q - 16. Give a(3).
2
Let j(u) = 2*u**3 - 28*u**2 + 20*u + 83. Determine j(13).
5
Let s(d) = 21*d - 1022. Calculate s(49).
7
Let z(d) = -3*d**3 + 2*d**2 + 2*d + 1. Calculate z(-1).
4
Let g(z) = z**2 + 4*z - 21. What is g(3)?
0
Let y(m) = m**3 + 13*m**2 + 19*m - 8. Give y(-11).
25
Let z(g) = -2*g**2 - 40*g - 42. Determine z(-19).
-4
Let d(z) = -2*z**2 - 22*z - 29. What is d(-9)?
7
Let u(a) = 9*a + 12. Give u(-4).
-24
Let u(w) = w**3 + 6*w**2 + 7*w + 5. What is u(-5)?
-5
Let x(i) = i**2 + 7*i - 3. What is x(-8)?
5
Let b(g) = g**3 + 4*g**2 + 4*g - 2. Determine b(-4).
-18
Let a(c) = 2*c**2 + 9*c - 19. Give a(2).
7
Let h(o) = -o**3 + 5*o**2 + 3*o - 5. Give h(5).
10
Let g(t) = t**3 + 8*t**2 + 4*t - 44. What is g(-6)?
4
Let a(q) = 38*q**2 + 1. What is a(-1)?
39
Let v(s) = -5*s**2 - 53*s + 12. Give v(-11).
-10
Let x(t) = -19*t + 79. Give x(8).
-73
Let i(w) = -w**3 + 12*w**2 - 10*w - 8. What is i(11)?
3
Let x(o) = o**2 + 32*o - 39. Determine x(-33).
-6
Let w(x) = x**2 + 38*x - 283. Determine w(-44).
-19
Let k(y) = 7*y**3 - y**2 + y - 1. Give k(1).
6
Let d(a) = 13*a + 15. Give d(0).
15
Let m(v) = 18*v + 173. Give m(-10).
-7
Let p(y) = 11*y - 3. Determine p(2).
19
Let f(j) = -j**2 + 55*j - 328. Calculate f(48).
8
Let u(k) = k**3 - 13*k**2 - 29*k + 6. Calculate u(15).
21
Let o(s) = -6*s + 108. Determine o(18).
0
Let y(l) = -4*l**3 - 6*l**2 - 6*l + 2. What is y(-2)?
22
Let o(x) = -4*x**3 - 2